he hundreds digit of ((-6)/(-4))/(-3) + 431/2?
2
Suppose 4 = -u - 15. Let w = u - -39. What is the units digit of w?
0
Let r be (-24)/(-10) + (-22)/55. Suppose r*b - 1 - 33 = 2*m, -5*b + m + 101 = 0. What is the tens digit of b?
2
Let f(z) = -z - 6. Let u be f(0). Let b = -2 - u. What is the units digit of b?
4
Suppose -5*a - 30 = -3*x, 2*a + 6 = -0*a. What is the units digit of (-2)/(-4 + x + -3)?
1
Let y = -23 - -34. What is the tens digit of y?
1
Let s(f) = -6*f - 11. What is the units digit of s(-6)?
5
Suppose 21*k = 18*k + 57. What is the units digit of k?
9
Suppose 0 = -5*b + 39 + 1. What is the units digit of b?
8
Let m be 16 - (1 + 1/1). Let a = -5 - -8. Suppose q + m = a*q. What is the units digit of q?
7
Suppose -14 = n + j, 28 = -4*n - j - 43. Let a = n - -24. What is the units digit of a?
5
Suppose -3*o - 4*f + 241 = -2*f, -340 = -4*o + 2*f. What is the units digit of o?
3
Let k be 59/(-4) + (-2)/8. What is the units digit of (-351)/k + (-6)/15?
3
Let u(q) = -29*q - 8. What is the units digit of u(-3)?
9
Suppose -3 = -3*v - y, 5*v - 2*y - 1 - 15 = 0. Let d be (-10)/3*(-6)/5. Suppose 5*q = v*i + 22, -2*q + 0*q + d*i = -12. What is the units digit of q?
4
Suppose 5*p = -5*w + 645, -2*p = -2*w + w + 123. What is the tens digit of w?
2
Let a = -27 - -52. What is the tens digit of a?
2
Suppose -28*p + 33*p - 1185 = 0. What is the tens digit of p?
3
Suppose 6*h - d = h + 2, h = 4*d + 8. Suppose -4*l - 6 = -l, h = 5*z - 3*l - 71. What is the tens digit of z?
1
Suppose s = 3*s - 4. Suppose 4 - s = 2*j. Suppose t - j = 0, a - 2*t - 4 = t. What is the units digit of a?
7
Let d be (2 - 42)*(-2)/4. Suppose j = -5*z - 2*j - 3, -2*z = j + 1. Suppose 2*v - y - d = z, 5*v + 5*y - 39 - 41 = 0. What is the tens digit of v?
1
Suppose 0 = 3*j - 5 - 13. Suppose l = j*l - 20. What is the units digit of l?
4
Let j = -6 + -2. Let s(x) = 0 - 9*x + 8*x - 2. What is the units digit of s(j)?
6
Let a(z) = z**3 - 6*z**2 - 7*z + 8. Let q be (60/18)/((-4)/(-6)). Suppose -4*g - 37 = -q*r - 3*g, -3*r + 23 = -g. What is the units digit of a(r)?
8
Let x(y) = -y**3 - 7*y**2 + 8*y + 5. Let l be x(-8). Suppose -r - 1 = 2*z - 10, 4*z = -l*r + 27. What is the units digit of r?
3
Let r(k) = 9*k + 1 - 24*k - 2. Suppose -x + 2*x - 4*c - 3 = 0, -2*c = -3*x - 1. What is the tens digit of r(x)?
1
Let d(b) = b**2 + 10*b + 11. Let j be d(-9). Let x = j + 6. What is the units digit of x?
8
Let a = -19 + 13. Let k = 8 - a. What is the tens digit of k?
1
What is the tens digit of (10242/15)/2 - (-24)/40?
4
Suppose m = -1, -k + 2*k = 2*m + 3. Let y = k - -20. What is the tens digit of y?
2
Let r = -4 + 7. Let t be (-4)/(-6) + 10/r. Suppose t*g - 2 - 18 = 0. What is the units digit of g?
5
Suppose 1 = -c + 3. Let s be (-2)/2*-1*c. Suppose w - s = -4*r - 15, 12 = w - r. What is the units digit of w?
7
Let o = -6 - -8. Let z = -2 + 4. Suppose 2 + o = z*r. What is the units digit of r?
2
Let r = 5 - -4. What is the units digit of r?
9
Suppose 0 = -2*m + 9 - 1. Let j be (4/6)/(m/18). Let f = j + -1. What is the units digit of f?
2
Suppose k - 5*k + 8 = 0. What is the units digit of k?
2
Suppose -16 + 55 = 3*x. Suppose 2*c + x = 99. What is the tens digit of c?
4
Let y(v) = 3*v**3 + 4*v**2 - 3. Let b be y(-3). Let i = 67 + b. What is the units digit of i?
9
Let y be 2*62*(-1)/(-4). Let k = y + -21. What is the units digit of k?
0
Suppose 4 + 7 = j. Suppose -j = -5*x + 19. What is the units digit of x?
6
Suppose 5*d = -18 - 17. Let o = -4 - d. Suppose n - 2 = 0, -o*n = y - n - 12. What is the units digit of y?
8
Suppose 4*r = c - 202, r - c + 7 + 45 = 0. Let s = -31 - r. What is the tens digit of s?
1
Let q be ((-16)/10)/(3/15). Let y = q + 25. What is the tens digit of y?
1
Let j(t) = 16*t**3 - t**2 - 3 - 18*t**3 + t + 2. What is the units digit of j(-2)?
9
Let m = -13 - -23. Suppose 0*r + c - m = -2*r, 5*r + 5 = 5*c. Suppose 4*n = r*n - 4*w + 3, -12 = -4*n - 4*w. What is the units digit of n?
3
Suppose 0 = -2*m - m + 6. Suppose -10 = 5*b, -q - 7*b = -m*b. What is the tens digit of q?
1
Let n(j) = -j - 5. What is the units digit of n(-6)?
1
Suppose 5*p + 17 - 72 = 0. Let i = 15 - p. Suppose -2*d - 3*b = -28, -4*d - i*b = -3*d - 19. What is the tens digit of d?
1
Suppose 0 = r - 3, -3*p + 2*r = -p + 2. Suppose 5*n - 12 = n - 4*u, p*u = 8. Let z(m) = -4*m**3 - 2*m - 1. What is the units digit of z(n)?
5
Suppose 3*k = c + 130, 2*k - 91 = -3*c + 14. What is the units digit of k?
5
Let b = 46 + 52. What is the units digit of b?
8
Suppose 2*v - 3*a + 161 = 6*v, 4*a = -20. What is the units digit of v?
4
What is the tens digit of 9/((28/(-36))/(-7))?
8
Suppose n + 0*n = 20. Let g(s) = s - 2. Let x be g(2). Suppose 11 - 3 = 4*u - m, x = 5*m + n. What is the units digit of u?
1
Let s = -2 + 3. Suppose l = 5*n - 19, -3*l + 2*n - s = n. What is the units digit of l?
1
Let m(q) = -q**3 + 7*q**2 + 9*q - 3. Let g be m(8). Suppose -2*t + g*t - 15 = 0. What is the units digit of t?
5
Suppose -2*b - 4*m + 159 + 75 = 0, -b + 4*m + 123 = 0. What is the tens digit of b?
1
Let p(t) = 6*t + 1. Let b = -3 - -4. What is the units digit of p(b)?
7
Suppose 10 = -2*f, 3*f + 75 + 8 = 2*j. What is the units digit of j?
4
What is the tens digit of (54/2 - -3)/2?
1
What is the units digit of (6/(-4))/(21/(-280))?
0
Let q = 106 + -35. What is the tens digit of q?
7
Let p = 2 + -3. Let r = p - -10. What is the units digit of r?
9
What is the tens digit of 1/4 - (-198)/8?
2
Let r = 0 - 1. Let g = r + 6. Suppose -g*d = -24 - 11. What is the units digit of d?
7
Let h(a) be the first derivative of a**3/3 - 3*a**2/2 - a + 1. What is the units digit of h(4)?
3
Let b be -6*(-1)/2 - -2. Let l = -5 - b. Let c = -1 - l. What is the units digit of c?
9
Let d(n) = -6*n**3 - n**2 + 7*n + 5. Let g(x) = -x**3 + x + 1. Let h(a) = d(a) - 5*g(a). Let p be h(-2). What is the tens digit of p + (17 - 1) + -1?
1
Let f = 8 - 8. Suppose f = -4*w + 3*w + l + 12, w + 2*l - 27 = 0. What is the units digit of w?
7
Let j(i) = -i**2 + 4*i - 5. Let k be j(4). Let m(c) = c**3 + 4*c**2 - 8*c - 11. What is the units digit of m(k)?
4
Let z(i) be the third derivative of i**5/60 - i**4/24 - 4*i**3/3 + 5*i**2. What is the units digit of z(6)?
2
Suppose 0*a + 2*a = 0. Let i(f) = a - 3*f + 2*f + 13. What is the units digit of i(6)?
7
Suppose 4*c = -3*h + 732, 2*h - 2*c - c - 505 = 0. What is the tens digit of h?
4
Suppose 3*u - 5*a = -2*a + 33, -71 = -5*u - 3*a. What is the units digit of u?
3
Suppose -2*n - 28 = -4*q, -5*q - 3*n - 7 = -53. Suppose 3*t = q + 1. What is the units digit of 4/(t + 10/(-4))?
8
Suppose -4*g = -63 + 7. Let b = 26 + g. What is the units digit of b?
0
Suppose -2*q + 117 = -73. What is the units digit of q?
5
What is the units digit of (24/(-12))/(((-2)/(-313))/(-1))?
3
Let o = 23 + -8. Suppose -g - o = -3*k, 2*k + 5*g = -2*k + 20. What is the units digit of k?
5
What is the units digit of 292 - (11 - (0 + 5))?
6
Let k = 91 - 26. What is the tens digit of k?
6
Let s be 4/14 + 12/7. Suppose 0 = s*g + 3*g - 55. Let y(d) = d**2 - 11*d + 1. What is the units digit of y(g)?
1
Suppose 2*l + 6*f - f = 48, 0 = -3*l + 2*f + 72. Let c = -12 - -15. Suppose b - l = -c*b. What is the units digit of b?
6
Let a(c) = -c**3 - 4*c**2 - c - 1. What is the units digit of a(-5)?
9
Let c(r) = -r**3 - 3*r**2 - 2*r - 1. What is the tens digit of c(-5)?
5
Let l(v) = v - 2*v + 0*v + 0*v. Let x be l(-3). Suppose 16 = -0*q + 4*q - x*g, 0 = 2*q - 2*g - 10. What is the units digit of q?
1
Suppose 9*z - 110 = 34. What is the tens digit of z?
1
Let b = 639 + -396. What is the units digit of b?
3
What is the tens digit of (-4 + (-78)/(-18))*939?
1
Suppose -8 = -3*s + 10. Suppose s*x - x = 240. What is the tens digit of x?
4
Suppose 0 = 5*f - 2*v - 3*v + 165, -2*f - 81 = -5*v. What is the tens digit of (1/(-2))/(1/f)?
1
Suppose -3*q + 1059 = 204. What is the tens digit of q?
8
Let t(n) = n - 8. Let f be t(6). Let x(c) = c**2 - c + 1. What is the units digit of x(f)?
7
Let f be 668/20 + (-2)/5. Suppose c + 5*m = -0*m - 11, f = -3*c - 3*m. Let l(z) = -z - 3. What is the units digit of l(c)?
8
Suppose -19 = -2*z + 41. What is the units digit of z?
0
Let v = 26 - 12. What is the tens digit of v?
1
Let p(n) = 5*n**2 + n - 1. Let s be p(1). Suppose 5*t - 26 = -3*v, -23 =